 23, 79
List the prime factors of 40236.
2, 3, 7, 479
What are the prime factors of 5045?
5, 1009
What are the prime factors of 31494?
2, 3, 29, 181
List the prime factors of 1564.
2, 17, 23
List the prime factors of 124968.
2, 3, 41, 127
List the prime factors of 2061.
3, 229
What are the prime factors of 7431?
3, 2477
List the prime factors of 13121.
13121
What are the prime factors of 5700?
2, 3, 5, 19
What are the prime factors of 1311?
3, 19, 23
What are the prime factors of 102049?
19, 41, 131
What are the prime factors of 1199?
11, 109
What are the prime factors of 51821?
7, 11, 673
What are the prime factors of 137794?
2, 68897
What are the prime factors of 114?
2, 3, 19
What are the prime factors of 26628?
2, 3, 7, 317
List the prime factors of 674.
2, 337
List the prime factors of 649.
11, 59
List the prime factors of 567.
3, 7
List the prime factors of 879.
3, 293
What are the prime factors of 50225?
5, 7, 41
List the prime factors of 7291.
23, 317
List the prime factors of 5532.
2, 3, 461
What are the prime factors of 29015?
5, 7, 829
What are the prime factors of 7730?
2, 5, 773
List the prime factors of 64712.
2, 8089
What are the prime factors of 1032?
2, 3, 43
What are the prime factors of 539?
7, 11
List the prime factors of 5217.
3, 37, 47
What are the prime factors of 30759?
3, 10253
List the prime factors of 1573.
11, 13
List the prime factors of 298.
2, 149
List the prime factors of 4203.
3, 467
List the prime factors of 1961.
37, 53
What are the prime factors of 24854?
2, 17, 43
List the prime factors of 19255.
5, 3851
List the prime factors of 68033.
7, 9719
What are the prime factors of 18061?
18061
List the prime factors of 7758.
2, 3, 431
List the prime factors of 1972.
2, 17, 29
List the prime factors of 1087.
1087
What are the prime factors of 2444?
2, 13, 47
What are the prime factors of 88547?
88547
What are the prime factors of 1040?
2, 5, 13
List the prime factors of 2004.
2, 3, 167
List the prime factors of 23177.
7, 11, 43
List the prime factors of 5617.
41, 137
List the prime factors of 6765.
3, 5, 11, 41
What are the prime factors of 1398?
2, 3, 233
List the prime factors of 2945.
5, 19, 31
What are the prime factors of 116?
2, 29
What are the prime factors of 4448?
2, 139
What are the prime factors of 54010?
2, 5, 11, 491
List the prime factors of 9396.
2, 3, 29
List the prime factors of 63733.
17, 23, 163
List the prime factors of 132563.
19, 6977
What are the prime factors of 9678?
2, 3, 1613
List the prime factors of 93992.
2, 31, 379
List the prime factors of 21114.
2, 3, 17, 23
What are the prime factors of 1173?
3, 17, 23
List the prime factors of 18595.
5, 3719
What are the prime factors of 10343?
10343
What are the prime factors of 78?
2, 3, 13
What are the prime factors of 6849?
3, 761
What are the prime factors of 4380?
2, 3, 5, 73
List the prime factors of 475.
5, 19
What are the prime factors of 72465?
3, 5, 4831
List the prime factors of 3296.
2, 103
List the prime factors of 419.
419
List the prime factors of 2243.
2243
List the prime factors of 24942.
2, 3, 4157
List the prime factors of 5873.
7, 839
List the prime factors of 141.
3, 47
List the prime factors of 51316.
2, 12829
List the prime factors of 71917.
71917
What are the prime factors of 21217?
7, 433
List the prime factors of 4962.
2, 3, 827
List the prime factors of 23230.
2, 5, 23, 101
List the prime factors of 62875.
5, 503
What are the prime factors of 4221?
3, 7, 67
What are the prime factors of 5464?
2, 683
What are the prime factors of 7382?
2, 3691
What are the prime factors of 4953?
3, 13, 127
What are the prime factors of 370?
2, 5, 37
What are the prime factors of 101111?
101111
List the prime factors of 1961.
37, 53
What are the prime factors of 3952?
2, 13, 19
List the prime factors of 14625.
3, 5, 13
List the prime factors of 16009.
7, 2287
List the prime factors of 2297.
2297
List the prime factors of 3384.
2, 3, 47
What are the prime factors of 890?
2, 5, 89
What are the prime factors of 78614?
2, 23, 1709
List the prime factors of 9335.
5, 1867
What are the prime factors of 6337?
6337
List the prime factors of 9728.
2, 19
List the prime factors of 10823.
79, 137
List the prime factors of 8469.
3, 941
What are the prime factors of 409?
409
List the prime factors of 2157.
3, 719
List the prime factors of 26636.
2, 6659
What are the prime factors of 395?
5, 79
List the prime factors of 427.
7, 61
What are the prime factors of 6026?
2, 23, 131
What are the prime factors of 151146?
2, 3, 311
List the prime factors of 4576.
2, 11, 13
What are the prime factors of 939?
3, 313
List the prime factors of 7372.
2, 19, 97
What are the prime factors of 1007?
19, 53
List the prime factors of 2744.
2, 7
What are the prime factors of 5820?
2, 3, 5, 97
What are the prime factors of 10275?
3, 5, 137
List the prime factors of 12170.
2, 5, 1217
What are the prime factors of 601?
601
What are the prime factors of 11455?
5, 29, 79
List the prime factors of 4760.
2, 5, 7, 17
What are the prime factors of 8092?
2, 7, 17
List the prime factors of 8.
2
List the prime factors of 9029.
9029
What are the prime factors of 164?
2, 41
List the prime factors of 419.
419
What are the prime factors of 23582?
2, 13, 907
List the prime factors of 23937.
3, 79, 101
What are the prime factors of 43324?
2, 10831
What are the prime factors of 1582?
2, 7, 113
What are the prime factors of 1378?
2, 13, 53
What are the prime factors of 47456?
2, 1483
What are the prime factors of 578?
2, 17
What are the prime factors of 36403?
59, 617
List the prime factors of 1329.
3, 443
List the prime factors of 3319.
3319
List the prime factors of 3331.
3331
List the prime factors of 11049.
3, 29, 127
What are the prime factors of 10201?
101
What are the prime factors of 63289?
19, 3331
List the prime factors of 4656.
2, 3, 97
What are the prime factors of 6244?
2, 7, 223
What are the prime factors of 45834?
2, 3, 7639
List the prime factors of 1369.
37
List the prime factors of 1723.
1723
What are the prime factors of 4846?
2, 2423
List the prime factors of 2641.
19, 139
What are the prime factors of 2432?
2, 19
List the prime factors of 2529.
3, 281
What are the prime factors of 1023?
3, 11, 31
List the prime factors of 1865.
5, 373
List the prime factors of 2053.
2053
What are the prime factors of 3294?
2, 3, 61
List the prime factors of 1310.
2, 5, 131
What are the prime factors of 74?
2, 37
What are the prime factors of 18745?
5, 23, 163
List the prime factors of 15682.
2, 7841
List the prime factors of 1077.
3, 359
What are the prime factors of 845?
5, 13
What are the prime factors of 33432?
2, 3, 7, 199
What are the prime factors of 4581?
3, 509
What are the prime factors of 26512?
2, 1657
What are the prime factors of 2040?
2, 3, 5, 17
List the prime factors of 19241.
71, 271
List the prime factors of 96215.
5, 7, 2749
What are the prime factors of 25684?
2, 6421
What are the prime factors of 794?
2, 397
What are the prime factors of 1858?
2, 929
List the prime factors of 2530.
2, 5, 11, 23
List the prime factors of 4419.
3, 491
List the prime factors of 1148.
2, 7, 41
List the prime factors of 40641.
3, 19, 23, 31
List the prime factors of 580.
2, 5, 29
What are the prime factors of 19?
19
What are the prime factors of 78?
2, 3, 13
List the prime factors of 844.
2, 211
List the prime factors of 6403.
19, 337
What are the prime factors of 990?
2, 3, 5, 11
List the prime factors of 44061.
3, 19, 773
List the prime factors of 68342.
2, 34171
What are the prime factors of 20944?
2, 7, 11, 17
List the prime factors of 2499.
3, 7, 17
What are the prime factors of 1136?
2, 71
What are the prime factors of 95227?
11, 787
List the prime factors of 911.
911
List the prime factors of 1852.
2, 463
What are the prime factors of 2138?
2, 1069
What are the prime factors of 6533?
47, 139
What are the prime factors of 10937?
10937
List the prime factors of 1895.
5, 379
List the prime factors of 2252.
2, 563
List the prime factors of 3569.
43, 83
What are the prime factors of 25927?
11, 2357
What are the prime factors of 2119?
13, 163
What are the prime factors of 131264?
2, 7, 293
What are the prime factors of 324?
2, 3
What are the prime factors of 4485?
3, 5, 13, 23
What ar